-d + 33. Give i(0).
33
Let f(k) = -k**3 + 12*k**2 - 31*k + 33. What is f(9)?
-3
Let w(p) = 42*p**2 - p + 2. Calculate w(1).
43
Let p(d) = -d**2 - 17*d - 22. Determine p(-15).
8
Let r(s) = -2*s**2 - 2*s + 6. What is r(-4)?
-18
Let a(u) = 2*u**3 - 19*u**2 + 7*u + 12. Give a(9).
-6
Let l(f) = -f**3 + 3*f**2 - 4*f + 4. What is l(3)?
-8
Let v(x) = -2*x**3 - 21*x**2 - 7*x + 22. Calculate v(-10).
-8
Let w(y) = y**2 + 4*y - 75. Give w(-15).
90
Let t(a) = -3*a**3 + 3*a**2 + 4*a - 5. Calculate t(3).
-47
Let c(f) = f**3 - 10*f**2 + 7*f + 12. Calculate c(9).
-6
Let l(x) = -x**3 - 4*x**2 + 3*x + 3. Give l(-2).
-11
Let p(v) = -v**2 - 2*v - 2. Give p(-3).
-5
Let d(v) = -v**2 + 9*v - 3. Give d(0).
-3
Let l(h) = -h**3 + 36*h**2 - 37*h + 85. What is l(35)?
15
Let m(h) = -h**3 - 5*h**2 + 2*h - 4. What is m(-6)?
20
Let c(n) = 2*n + 10. Determine c(-8).
-6
Let j(y) = -45*y**2 - 1. Give j(1).
-46
Let l(q) = 13*q**2 + 43*q - 3. What is l(-3)?
-15
Let x(h) = -2*h - 12. Give x(-9).
6
Let l(u) = -u**3 - 30*u**2 - 62*u - 145. Give l(-28).
23
Let n(i) = -3*i**3 - 14*i**2 + 2. Give n(-5).
27
Let c(v) = -v**3 + v**2 + v + 16. Determine c(0).
16
Let f(s) = 8*s + 46. Determine f(0).
46
Let v(d) = 11*d**3 - 2*d**2 + 3*d - 2. Determine v(1).
10
Let y(a) = a**2 - 41*a - 39. Give y(41).
-39
Let u(a) = a**3 - 4*a**2 + 2*a - 1. Give u(5).
34
Let y(r) = r**3 + 3*r**2 + 3*r. Calculate y(-3).
-9
Let v(b) = -5*b**2 + b + 8. Give v(2).
-10
Let x(r) = -3*r + 53. Give x(16).
5
Let a(d) = -d**2 - 2*d + 7. What is a(-5)?
-8
Let u(z) = 4*z**3 - 2*z**2 + z - 1. Determine u(2).
25
Let s(v) = 8*v + 28. What is s(-4)?
-4
Let y(l) = -l**2 + 2*l + 7. Give y(8).
-41
Let q(s) = -s**2 - 1. Determine q(1).
-2
Let d(i) = 5*i**2 + 30*i + 2. Calculate d(-5).
-23
Let y(n) = 3*n - 27. What is y(12)?
9
Let l(a) = a**3 - 8*a**2 + 5*a - 2. Determine l(6).
-44
Let t(d) = -4*d - 10. What is t(-6)?
14
Let s(l) = -l**2 - 9*l - 7. Calculate s(-9).
-7
Let z(c) = 2*c**2 + 6*c + 2. Determine z(-3).
2
Let v(j) = j**2 + 76*j + 774. Determine v(-64).
6
Let x(o) = -o**3 - 17*o**2 + 22*o + 3. Determine x(-18).
-69
Let m(v) = -2*v**3 + 8*v**2 - 4*v + 1. Determine m(4).
-15
Let y(v) = -24*v - 143. Determine y(-6).
1
Let n(c) = -c**2 + 3*c - 19. Give n(6).
-37
Let z(u) = 101*u - 503. Determine z(5).
2
Let s(u) = u**2 - 14*u + 27. Calculate s(9).
-18
Let a(d) = 3*d + 22. What is a(-2)?
16
Let n(g) = 14*g**2 + 3*g + 2. Calculate n(-1).
13
Let u(w) = -3*w - 74. What is u(-28)?
10
Let w(x) = 102*x - 12. What is w(0)?
-12
Let z(u) = -19*u + 220. Calculate z(12).
-8
Let j(z) = 8*z - 7. What is j(-4)?
-39
Let r(b) = 5*b + 11. What is r(-4)?
-9
Let r(c) = 2*c**2 + 5*c + 1. Calculate r(-2).
-1
Let n(w) = -9*w + 58. Give n(7).
-5
Let z(f) = -f**3 - 6*f**2 + 7*f. Calculate z(-7).
0
Let t(b) = -2*b**2 + 11*b - 1. Give t(5).
4
Let j(v) = 28*v + 198. Determine j(-7).
2
Let r(g) = g**2 - 4. What is r(-8)?
60
Let x(d) = -d**2 + 14. What is x(8)?
-50
Let o(j) = -j**3 - 9*j**2 + 20*j - 29. Give o(-11).
-7
Let s(z) = -7*z - 57. Determine s(-6).
-15
Let w(i) = 5*i - 20. Give w(8).
20
Let x(p) = p**2 + 2*p - 11. Calculate x(10).
109
Let n(a) = -a**3 + 4*a**2 - 16. What is n(4)?
-16
Let w(b) = -b + 22. Give w(23).
-1
Let w(n) = 8*n**2 - n - 2. Give w(-1).
7
Let o(s) = 3*s**2 - 17*s + 10. Calculate o(6).
16
Let n(d) = -2*d**3 + 7*d**2 - 5*d. Give n(4).
-36
Let n(p) = -p**3 - 7*p**2 - 6*p + 17. Determine n(-6).
17
Let p(j) = -j + 41. Give p(0).
41
Let k(u) = u**3 - 6*u**2 - 6*u - 3. Determine k(7).
4
Let c(r) = r**3 - 2*r**2 + 16. What is c(0)?
16
Let q(x) = x**2 + 13*x + 22. Give q(-10).
-8
Let l(h) = h**3 - 7*h**2 - 6*h + 27. Calculate l(8).
43
Let u(q) = 15*q**3 + q**2. Give u(-1).
-14
Let t(k) = 2*k**2 - 19*k - 8. What is t(9)?
-17
Let g(c) = -8*c**2 - 264*c + 30. What is g(-33)?
30
Let o(u) = -9*u**3 + u**2 + u - 1. Give o(2).
-67
Let x(r) = -r**2 - 15*r + 93. Determine x(-20).
-7
Let l(i) = i**2 - 6*i - 2. What is l(7)?
5
Let j(w) = w**2 - 14. What is j(0)?
-14
Let v(x) = x**2 + 7*x. Determine v(-7).
0
Let t(x) = -5*x**3 + 11*x**2 - 5*x. Calculate t(4).
-164
Let x(f) = 51*f + 2. Determine x(-1).
-49
Let c(j) = 9*j + 1. What is c(-1)?
-8
Let c(j) = j**3 + 14*j**2 - 34*j + 5. Calculate c(-16).
37
Let c(s) = 10*s + 29. Determine c(-2).
9
Let d(v) = -v**3 - 12*v**2 - 12*v + 20. Calculate d(-11).
31
Let a(z) = -2*z**2 + 5*z. Calculate a(4).
-12
Let r(v) = 39*v - 14. Calculate r(2).
64
Let p(l) = -l**2 - 13*l - 33. Give p(-9).
3
Let f(u) = -u**2 + 4*u + 3. Calculate f(5).
-2
Let k(r) = r**3 - 13*r**2 + 24*r + 5. What is k(11)?
27
Let c(w) = w**3 - 2*w**2 - 2*w - 1. Calculate c(-2).
-13
Let n(j) = -17*j**2 + j. Give n(-1).
-18
Let v(x) = -x**3 - 9*x**2 + 9*x + 10. Calculate v(-10).
20
Let b(n) = -14*n**3 - 2*n**2 + 3*n - 2. Determine b(1).
-15
Let a(q) = q**2 + 11*q + 18. Give a(-10).
8
Let d(a) = a**2 - 19*a + 51. Calculate d(8).
-37
Let g(n) = n**3 - 9*n**2 + 12*n - 26. What is g(8)?
6
Let f(k) = 2*k - 20. Determine f(9).
-2
Let o(k) = 4*k + 8. Determine o(-4).
-8
Let d(r) = r**2 + 8*r - 87. Calculate d(6).
-3
Let y(g) = -g**2 - 7. Calculate y(-5).
-32
Let g(y) = y**3 + 32*y**2 - 41*y - 268. Give g(-33).
-4
Let o(d) = d**3 + 20*d**2 - 21*d + 30. Give o(-21).
30
Let v(h) = -h**3 + h**2 - 3*h - 2. Calculate v(0).
-2
Let i(w) = w**2 + 13*w - 1. Give i(-10).
-31
Let t(u) = -u**3 + 12*u**2. Calculate t(12).
0
Let j(w) = w**2 - 6*w + 4. Determine j(6).
4
Let k(n) = -n**3 - 5*n**2 - 7*n - 36. What is k(-5)?
-1
Let m(o) = o**3 + o**2 - o - 3. What is m(-2)?
-5
Let b(d) = -d**2 - 18*d + 24. Give b(-19).
5
Let g(o) = o**2 + 8*o - 17. Determine g(-9).
-8
Let t(y) = -y**2 - 7*y - 9. What is t(-8)?
-17
Let g(w) = -w**3 - 13*w**2 - w - 1. What is g(-13)?
12
Let r(b) = -5*b + 45. Give r(10).
-5
Let c(j) = -j**3 + 5*j**2 + 10*j - 8. Determine c(7).
-36
Let a(k) = -2*k**2 + 7*k + 5. Calculate a(6).
-25
Let p(k) = k**3 + 7*k**2 + 10*k + 8. Determine p(-6).
-16
Let y(j) = 4*j + 26. Give y(-7).
-2
Let h(a) = 5*a. Give h(1).
5
Let n(b) = -b**2 + 28*b + 42. Give n(22).
174
Let w(i) = -i**3 + i**2 - i - 3. What is w(2)?
-9
Let u(g) = g**3 - 46*g**2 + 44*g + 48. What is u(45)?
3
Let b(r) = -r**3 - 9*r**2 - 4*r + 8. Give b(-8).
-24
Let s(b) = b**3 - 3*b**2 + 5. Calculate s(3).
5
Let c(r) = -11*r - 117. Calculate c(-11).
4
Let c(p) = -p**3 + 5*p**2 + 8*p - 33. Determine c(2).
-5
Let c(q) = q**2 - 18*q - 36. Determine c(20).
4
Let x(a) = a**3 - 9*a**2 - a. Give x(9).
-9
Let j(c) = 3*c**3 + 2*c**2 - 3*c + 1. Determine j(2).
27
Let z(b) = 2*b**3 + 4*b**2 + 6*b + 10. Give z(-2).
-2
Let o(y) = -142*y**2. Determine o(-1).
-142
Let u(i) = -2*i**3 - 9*i**2 - i + 5. What is u(-5)?
35
Let o(g) = 113*g**3 + g**2 + g - 1. What is o(1)?
114
Let l(s) = 14*s - 31. What is l(3)?
11
Let b(g) = 63*g + 2. Determine b(-1).
-61
Let t(b) = b**3 + 12*b**2 - 15*b - 18. What is t(-13)?
8
Let b(m) = 2*m**2 - 72. Give b(6).
0
Let v(f) = f**3 - 15*f**2 + 13*f + 20. Give v(14).
6
Let v(u) = u**3 - 8*u**2 + 9*u - 7. Determine v(6).
-25
Let s(p) = p**3 - 15*p**2 - 7*p + 7. What is s(15)?
-98
Let y(x) = 2*x. What is y(-13)?
-26
Let a(v) = v**2 - 6*v + 8. Give a(6).
8
Let v(c) = 142*c - 1. Give v(-1).
-143
Let j(v) = v**3 + 4*v**2 + 17*v + 26. Determine j(-2).
0
Let p(h) = h**3 + 7*h**2 - 8*h - 9. What is p(-8)?
-9
Let c(p) = -p**2 + p + 56. Give c(-7).
0
Let s(i) = i**3 - i - 3. Calculate s(0).
-3
Let t(w) = -17*w - 207. Give t(-12).
-3
Let l(j) = j**2 + 14*j - 29. What is l(-15)?
-14
Let t(c) = -68*c + 199. What is t(3)?
-5
Let p(q) = -q**2 - 14*q + 13. Calculate p(-14).
13
Let s(b) = -b**3 + 5*b**2 + b + 7. Give s(5).
12
Let n(a) = a**3 - 9*a**2 + 4*a - 27. Calculate n(9).
9
Let l(r) = r**3 + 8*r**2 + 17*r + 26. Give l(-6).
-4
Let c(z) = -z**2 - 15*z - 8. Give c(-17).
-42
Let j(p) = -8*p - 11. Give j(6).
-59
Let n(q) = 34*q + 97. Give n(-3).
-5
Let m(a) = -21*a - 56. Determine m(-4).
28
Let i(g) = 12*g + 20. What is i(-6)?
-52
Let r(a) = -5*a**3 + a**2 - 3*a - 2. Calculate r(-1).
7
Let l(w) = -3*w - 2. Determine l(-3).
7
Let g(p) = -p**3 + 2*p**2 + 5*p - 2. Calculate g(3).
4
Let i(s) = -s + 22. Calculate i(33).
-11
Let s(l) = -l**3 + 18*l**2 - 17*l + 44. Calculate s(17).
44
Let z(w) = -5*w**2 + 3*w + 6. Determine z(-2).
-20
Let h(f) = -4*f**3 - 5*f + 5. Calculate h(1).
-4
Let l(d) = -2*d**2 - 5*d